{"id":22,"date":"2016-12-10T19:02:47","date_gmt":"2016-12-10T18:02:47","guid":{"rendered":"http:\/\/www.monikahuemer.at\/?page_id=22"},"modified":"2024-12-23T16:32:58","modified_gmt":"2024-12-23T15:32:58","slug":"news-archiv","status":"publish","type":"page","link":"https:\/\/www.monikahuemer.at\/?page_id=22","title":{"rendered":"Archiv: Termine"},"content":{"rendered":"<div style=\"text-align: center;\">\u2192 <a href=\"?page_id=14\">Aktuelle Termine<\/a><\/div>\n<p><strong>art:dance<\/strong> im WUK f\u00fcr Kinder (von 8 bis 12 Jahren)<br \/>\nTermine:<br \/>\nFr \u00a017.02.2017, 10-12 Uhr, 16-18 Uhr<br \/>\nSa 18.02.2017, 16-18 Uhr<br \/>\n<a href=\"http:\/\/www.wuk.at\/event\/id\/18695\" target=\"_blank\" rel=\"noopener noreferrer\">www.wuk.at\/event\/id\/18695<\/a><\/p>\n<p><strong>art:dance<\/strong> im GRG 21<br \/>\nTermine: 07.03.2017 und 04.04.2017 (geschlossene Gruppe)<\/p>\n<p><strong>Tanzhaus<\/strong> f\u00fcr Kinder von 5 \u2013 8 Jahre<br \/>\nTermin: ab 09.01.2017, 16.00 \u2013 17.00, 10 Einheiten, Kabelwerk<\/p>\n<p><strong>Tanzhaus<\/strong> f\u00fcr Kinder von 5 \u2013 8 Jahre<br \/>\nTermin: ab 08.05.2017, 16.00 \u2013 17.00, 4 Einheiten, Kabelwerk<\/p>\n<p><strong>&#8222;Im Garten der Pusteblumen&#8220; &#8211; Tanztheaterst\u00fcck <\/strong>f\u00fcr Kinder von 4 &#8211; 6 Jahre<br \/>\nTermine:<br \/>\nDi\u00a0 09.05.2017 Kiwi Kindergarten Alma Seidler Weg<br \/>\nMi 17.05.2017 Kiwi Kindergarten Blattgasse<br \/>\nDi 30.05.2017 Kiwi Betriebskindergarten RBI<br \/>\nDi 16.06.2017 Kiwi Betriebskindergarten BMI<br \/>\nMi 20.09.2017, 16.00 Uhr, Sch\u00f6ffelhaus M\u00f6dling<\/p>\n<p><strong>art:dance <\/strong>im Lyma<strong><br \/>\n<\/strong>Termin: 02.06.2017, 16.30 Uhr<\/p>\n<p><strong>&#8222;Der Katzentatzentanz&#8220; &#8211; Tanztheaterst\u00fcck f\u00fcr Kinder<\/strong> ab 1,5 Jahre<br \/>\nTermin: 08.11.2017, 16.00 Uhr, buch:theater<\/p>\n<p><strong>art:dance<\/strong> im Spektrum Gallneukirchen f\u00fcr Frauen<br \/>\nTermin: 03.02.2018, 10.00 &#8211; 13.00 Uhr<\/p>\n<p><strong>&#8222;Tanzhaus&#8220;<\/strong> f\u00fcr Kinder ab 5 Jahre\u00a0 im Ekiz Tipi Walding<br \/>\nTermin: 03.02.2018, 16.00 &#8211; 18.00 Uhr<\/p>\n<p><strong>&#8222;In between&#8230;&#8220;- Tanzperformance<\/strong> mit Natascha W\u00f6ss<br \/>\nTermin: 22.03.2018, Posthof Linz<\/p>\n<p><strong>art:dance<\/strong> &#8211; GRG <strong>1<\/strong><br \/>\nTermin: 19.04.2018, geschlossene Gruppe<\/p>\n<p><strong>Der Koffer &#8222;W\u00f6rterbunt&#8220;! &#8211; Tanztheaterst\u00fcck <\/strong>f\u00fcr Kinder von 4 &#8211; 6 Jahre<br \/>\nTermin: 15.05.2018, Kiwi Kindergarten Blattgasse<\/p>\n<p><strong>&#8222;Als die W\u00fcnsche fliegen lernten&#8220; &#8211; Tanztheaterst\u00fcck <\/strong>f\u00fcr Kinder von 4 &#8211; 6 Jahre<br \/>\nTermin: 16.05.2018, Kiwi Kindergarten Stadlauerstrasse<\/p>\n<p><strong>Der Koffer &#8222;W\u00f6rterbunt&#8220;! &#8211; Tanztheaterst\u00fcck <\/strong>f\u00fcr Kinder von 4 &#8211; 6 Jahre<br \/>\nTermin: 29.05.2018, Kiwi Kindergarten Breitenfurter Stra\u00dfe<\/p>\n<p><strong>&#8222;Als die W\u00fcnsche fliegen lernten&#8220; &#8211; Tanztheaterst\u00fcck <\/strong>f\u00fcr Kinder von 4 &#8211; 6 Jahre<br \/>\nTermin: 12.06.2018, Kiwi Kindergarten Am Heumarkt<\/p>\n<p><strong>colour:dance<\/strong> &#8211; <strong>KinderuniKunst, Workshop f\u00fcr Kinder von 8 &#8211; 10 Jahre<\/strong><br \/>\nTermin: 02.07.2018, 13.30 &#8211; 16.30 Uhr, Kabelwerk 1120<\/p>\n<p><strong>colour:dance<\/strong> &#8211; <strong>KinderuniKunst, Workshop f\u00fcr Kinder von 10 &#8211; 12 Jahre<\/strong><br \/>\nTermin: 04.07.2018, 14.00 &#8211; 18.00 Uhr, Kabelwerk 1120<\/p>\n<p><strong>Der Koffer &#8222;W\u00f6rterbunt&#8220;! &#8211; Tanztheaterst\u00fcck <\/strong>f\u00fcr Kinder von 4 &#8211; 6 Jahre<br \/>\nTermin: Herbst 2018, Kiwi Kindergarten Breitenfurter Stra\u00dfe<\/p>\n<p><strong>Der Koffer &#8222;W\u00f6rterbunt&#8220;! &#8211; Tanztheaterst\u00fcck <\/strong>f\u00fcr Kinder von 4 &#8211; 6 Jahre<br \/>\nTermin: 21.11.2018, Sch\u00f6ffelhaus M\u00f6dling<\/p>\n<p><strong>Als die W\u00fcnsche fliegen lernten &#8211; Tanztheaterst\u00fcck <\/strong>f\u00fcr Kinder von 4 &#8211; 6 Jahre<br \/>\nTermin: 23.11.2018, Kiwi Kindergarten Eibengasse<\/p>\n<p><strong>In between&#8230; &#8211; Tanzperformance <\/strong><br \/>\nTermin: 10. und 11. J\u00e4nner 2019, 20 Uhr, DAS OFF THEATER <a href=\"http:\/\/www.off-theater.at\/\">www.off-theater.at<\/a><\/p>\n<p><strong>Katzentatzentanz &#8211; Tanztheaterst\u00fcck <\/strong>f\u00fcr Kinder von 4 &#8211; 6 Jahre<br \/>\nTermin: 26.02.2019, Kindergarten Mitterndorf a.d. Fischa<\/p>\n<p><strong>Als die W\u00fcnsche fliegen lernten &#8211; Tanztheaterst\u00fcck <\/strong>f\u00fcr Kinder von 4 &#8211; 6 Jahre<br \/>\nTermin: 11.04.2019, Kiwi Kindergarten Erste Campus<\/p>\n<p><strong>&#8222;Als die W\u00fcnsche fliegen lernten&#8220; &#8211; Tanztheaterst\u00fcck <\/strong>f\u00fcr Kinder von 4 &#8211; 6 Jahre<br \/>\nTermin: 04.06.2019, St. Nikolausstiftung Pfarrkindergarten &amp; Hort Aspern &#8211; St. Franziskus<\/p>\n<p><strong>Tanzhaus<\/strong> f\u00fcr Kinder von 2 \u2013 6 Jahre (geschlossene Gruppe)<br \/>\nTermin: laufend, Kiwi Kindergarten Alma Seidler Weg<\/p>\n<p><strong>&#8222;colour:dance&#8220;<\/strong> &#8211; <strong>KinderuniKunst, Workshop f\u00fcr Kinder von 8 &#8211; 10 Jahre<\/strong><br \/>\nTermin: 01.07.2018, 13.30 &#8211; 16.30 Uhr, Kabelwerk 1120<\/p>\n<p><strong>&#8222;colour:dance&#8220;<\/strong> &#8211; <strong>KinderuniKunst, Workshop f\u00fcr Kinder von 10 &#8211; 12 Jahre<\/strong><br \/>\nTermin: 03.07.2018, 14.00 &#8211; 18.00 Uhr, Kabelwerk 1120<\/p>\n<p><strong>&#8222;Der Koffer W\u00f6rterbunt&#8220; &#8211; Tanztheaterst\u00fcck <\/strong>f\u00fcr Kinder von 3 &#8211; 6 Jahre<br \/>\nTermin: 10.10.2019, Kinderfreunde Kindergarten Goldmarkplatz<\/p>\n<p><strong>&#8222;art:dance&#8220;<\/strong> im Kids Lab, Symposium Grafenegg<br \/>\nTermin: 20.10.2019, 14.00 &#8211; 18.00 Uhr<\/p>\n<p><strong>&#8222;Katzentatzentanz&#8220; &#8211; Tanztheaterst\u00fcck <\/strong>f\u00fcr Kinder von 3 &#8211; 6 Jahre<br \/>\nTermin: 22.10.2019, Kindergarten Lassee<\/p>\n<p><strong>&#8222;Der Koffer W\u00f6rterbunt&#8220; &#8211; Tanztheaterst\u00fcck <\/strong>f\u00fcr Kinder von 3 &#8211; 6 Jahre<br \/>\nTermin: 23.10.2019, Kiwi Kindergarten Ziegelofenweg<\/p>\n<p><strong>&#8222;Als die W\u00fcnsche fliegen lernten&#8220; &#8211; Tanztheaterst\u00fcck <\/strong>f\u00fcr Kinder von 4 &#8211; 6 Jahre<br \/>\nTermin: 30.10.2019, Kinderfreunde Kindergarten &#8211; In der Wiesen S\u00fcd<\/p>\n<p><strong>&#8222;Als die W\u00fcnsche fliegen lernten&#8220; &#8211; Tanztheaterst\u00fcck <\/strong>f\u00fcr Kinder von 4 &#8211; 6 Jahre<br \/>\nTermin: 06.11.2019, 16.00 Uhr, Sch\u00f6ffelhaus M\u00f6dling<\/p>\n<p><strong>&#8222;Als die W\u00fcnsche fliegen lernten&#8220; &#8211; Tanztheaterst\u00fcck <\/strong>f\u00fcr Kinder von 4 &#8211; 6 Jahre<br \/>\nTermin: 11.11.2019, Kinderfreunde Kindergarten Eduard-Kittenbergergasse<\/p>\n<p><strong>&#8222;Katzentatzentanz&#8220; &#8211; Tanztheaterst\u00fcck <\/strong>f\u00fcr Kinder von 3 &#8211; 6 Jahre<br \/>\nTermin: 19.11.2019, Kinderfeunde Kindergarten Wiesmath<\/p>\n<p><strong>&#8222;Der Koffer W\u00f6rterbunt&#8220; &#8211; Tanztheaterst\u00fcck <\/strong>f\u00fcr Kinder von 3 &#8211; 6 Jahre<br \/>\nTermin: 25.11.2019, Kindergarten Haberlandtsrasse<\/p>\n<p><strong>&#8222;Der Koffer W\u00f6rterbunt&#8220; &#8211; Tanztheaterst\u00fcck <\/strong>f\u00fcr Kinder von 3 &#8211; 6 Jahre<br \/>\nTermin: 26.11.2019, Kindergarten St. Nikolausstiftung Marienpfarre<\/p>\n<p><strong>&#8222;Der Koffer W\u00f6rterbunt&#8220; &#8211; Tanztheaterst\u00fcck <\/strong>f\u00fcr Kinder von 3 &#8211; 6 Jahre<br \/>\nTermin: 24.01.2020, Kiwi Kindergarten Am gr\u00fcnen Prater<\/p>\n<p><strong>&#8222;Der Koffer W\u00f6rterbunt&#8220; &#8211; Tanztheaterst\u00fcck <\/strong>f\u00fcr Kinder von 3 &#8211; 6 Jahre<br \/>\nTermin: 13.02.2020, Kindergarten Rohrau<\/p>\n<p><strong>&#8222;Der Koffer W\u00f6rterbunt&#8220; &#8211; Tanztheaterst\u00fcck <\/strong>f\u00fcr Kinder von 3 &#8211; 6 Jahre<br \/>\nTermin: 19.02.2020, 16.00 Uhr, Sch\u00f6ffelhaus M\u00f6dling<\/p>\n<p><strong>art:dance<\/strong> im GRG 21<br \/>\nTermin: 20.02.2020 (geschlossene Gruppe)<\/p>\n<p><strong>&#8222;Der Koffer W\u00f6rterbunt&#8220; &#8211; Tanztheaterst\u00fcck <\/strong>f\u00fcr Kinder von 3 &#8211; 6 Jahre<br \/>\nTermin: 24.02.2020, Kindergarten Hillerstra\u00dfe<\/p>\n<p><strong>&#8222;Katzentatzentanz&#8220; &#8211; Tanztheaterst\u00fcck <\/strong>f\u00fcr Kinder ab 1,5 Jahre<br \/>\nTermin: 04.03.2020, 16.00 Uhr, Sch\u00f6ffelhaus M\u00f6dling<\/p>\n<p><strong>art:dance<\/strong> im GRG Anton Krieger Gasse<br \/>\nTermin: 28.09. und 01.10.2020 (geschlossene Gruppe)<\/p>\n<p><strong>&#8222;Der Koffer W\u00f6rterbunt&#8220; &#8211; Tanztheaterst\u00fcck <\/strong>f\u00fcr Kinder von 3 &#8211; 6 Jahre<br \/>\nTermin: 26.03.2020 &gt; verschoben auf Fr\u00fchjahr 2022, Kindergarten Keltengasse<\/p>\n<p><strong>&#8222;K\u00f6rper_Geschichten&#8220; &#8211; Kurs f\u00fcr Erwachsene<br \/>\n<\/strong>Termine: ab Oktober 2022, Zeit und Ort auf Anfrage<\/p>\n<p><strong>&#8222;K\u00f6rper_Arbeit&#8220; &#8211; Einzelstunden f\u00fcr Erwachsene<br \/>\n<\/strong>Termine: laufend, Zeit und Ort auf Anfrage<\/p>\n<p><strong>&#8222;Sensing &amp; Seeing Ritual &amp; Jam<br \/>\n<\/strong>Termin: 25.10.2022, 20.00 Uhr, Dzogchen Gemeinschaft Samdrubling &amp; Yeselling<\/p>\n<p><strong>&#8222;Als die W\u00fcnsche fliegen lernten&#8220; &#8211; Tanztheaterst\u00fcck <\/strong>f\u00fcr Kinder von 3 &#8211; 6 Jahre<br \/>\nTermin: 19.11.2022 , EKIZ O\u00d6<\/p>\n<p><strong>&#8222;Tanz und Improvisation mit Kindern&#8220; &#8211; Seminar <\/strong>im Rahmen der KIWI-Akademie f\u00fcr P\u00e4dagogInnen<br \/>\nTermin: 22.03.2023 , KIWI Akademie\u00a0 &#8211; Kinder in Wien<\/p>\n<div><strong>Performance Solo von Sabine \u201eMayya Amore\u201c (Werkschau) und Ensemble mit live Musik von Karin Bindu<br \/>\n<\/strong>Termin: 29.04.2023, 20 Uhr, Hagenbacher Kulturtage, St. Andr\u00e4-W\u00f6rdern<\/div>\n<div><strong>&#8222;Als die W\u00fcnsche fliegen lernten&#8220; &#8211; Tanztheaterst\u00fcck <\/strong>f\u00fcr Kinder von 3 &#8211; 6 Jahre<br \/>\nTermin: 30.09.2023, M\u00f6dling<\/div>\n<div>\n<p><strong>&#8222;Tanz und Improvisation mit Kindern&#8220; &#8211; Seminar KiWi Akademie<br \/>\n<\/strong>Termin: 11.04.2024, 9 &#8211; 16.30 Uhr<\/p>\n<p><strong>&#8222;K\u00f6perwahrnehmung und somatische Achtsamkeit f\u00fcr ein ganzheitliches Verst\u00e4ndnis in der Komunkation\/Arbeit mit Kindern&#8220; &#8211; Teamabend<br \/>\n<\/strong>Termin: 30.04.2024<\/p>\n<\/div>\n<div>\n<p><strong>&#8222;Emotionale Erste Hilfe&#8220;\u00a0 &#8211; S-O-S \u00dcbungen<\/strong> (Jona Juni\u00a0 &#8211; helpers circle) f\u00fcr Kinder von 2 &#8211; 6 Jahre<br \/>\nTermin: 12.06.2024 &#8211; Kinder in Wien Alma Seidler Weg (geschlossene Gruppe)<\/p>\n<p><strong>&#8222;colour dance&#8220; Workshop &#8211; Cooler Sommer <\/strong>f\u00fcr Kinder von 6 &#8211; 10 Jahre<br \/>\nTermine: 09.07. + 11.07.2024 &#8211; Kinder in Wien Hort Alma Seidler Weg (geschlossene Gruppe)<strong><br \/>\n<\/strong><\/p>\n<p><strong>&#8222;Der Koffer W\u00f6rterbunt&#8220; &#8211; Tanztheaterst\u00fcck <\/strong>f\u00fcr Kinder von 4 &#8211; 6 Jahre<br \/>\nTermin: 13.09.2024, Kinderfreunde Kindergarten, Seestadt Aspern, Susanne Schmidagasse<\/p>\n<\/div>\n<div>\n<p><strong>&#8222;K\u00f6rperwahrnehmung und somatische Achtsamkeit in der Kommunikation mit Kindern&#8220; &#8211; Teamabend<br \/>\n<\/strong>Termin: 14.10.2024, KIWI KG Roseggergasse<\/p>\n<p><strong>&#8222;Der Koffer W\u00f6rterbunt&#8220; &#8211; Tanztheaterst\u00fcck <\/strong>f\u00fcr Kinder von 4 &#8211; 6 Jahre<br \/>\nTermin: 17.10.2024, M\u00f6dling<\/p>\n<p><strong>&#8222;K\u00f6rperwahrnehmung und somatische Achtsamkeit in der Kommunikation mit Kindern&#8220;<br \/>\n<\/strong>Termin: 19.11.2024, KIWI Akademie &#8211; Fortbildung f\u00fcr P\u00e4dagogInnen<\/p>\n<p><strong>&#8222;Als die W\u00fcnsche fliegen lernten&#8220; &#8211; Tanztheaterst\u00fcck <\/strong>f\u00fcr Kinder von 4 &#8211; 6 Jahre<br \/>\nTermin: 22.11.2024, Kindergarten Micheldorf O\u00d6.<\/p>\n<\/div>\n","protected":false},"excerpt":{"rendered":"<p>\u2192 Aktuelle Termine art:dance im WUK f\u00fcr Kinder (von 8 bis 12 Jahren) Termine: Fr \u00a017.02.2017, 10-12 Uhr, 16-18 Uhr Sa 18.02.2017, 16-18 Uhr www.wuk.at\/event\/id\/18695 art:dance im GRG 21 Termine: 07.03.2017 und 04.04.2017 (geschlossene Gruppe) Tanzhaus f\u00fcr Kinder von 5 \u2013 8 Jahre Termin: ab 09.01.2017, 16.00 \u2013 17.00, 10 Einheiten, Kabelwerk Tanzhaus f\u00fcr Kinder [&hellip;]<\/p>\n","protected":false},"author":1,"featured_media":0,"parent":0,"menu_order":0,"comment_status":"closed","ping_status":"closed","template":"template-full.php","meta":{"footnotes":""},"class_list":["post-22","page","type-page","status-publish","hentry"],"_links":{"self":[{"href":"https:\/\/www.monikahuemer.at\/index.php?rest_route=\/wp\/v2\/pages\/22","targetHints":{"allow":["GET"]}}],"collection":[{"href":"https:\/\/www.monikahuemer.at\/index.php?rest_route=\/wp\/v2\/pages"}],"about":[{"href":"https:\/\/www.monikahuemer.at\/index.php?rest_route=\/wp\/v2\/types\/page"}],"author":[{"embeddable":true,"href":"https:\/\/www.monikahuemer.at\/index.php?rest_route=\/wp\/v2\/users\/1"}],"replies":[{"embeddable":true,"href":"https:\/\/www.monikahuemer.at\/index.php?rest_route=%2Fwp%2Fv2%2Fcomments&post=22"}],"version-history":[{"count":27,"href":"https:\/\/www.monikahuemer.at\/index.php?rest_route=\/wp\/v2\/pages\/22\/revisions"}],"predecessor-version":[{"id":930,"href":"https:\/\/www.monikahuemer.at\/index.php?rest_route=\/wp\/v2\/pages\/22\/revisions\/930"}],"wp:attachment":[{"href":"https:\/\/www.monikahuemer.at\/index.php?rest_route=%2Fwp%2Fv2%2Fmedia&parent=22"}],"curies":[{"name":"wp","href":"https:\/\/api.w.org\/{rel}","templated":true}]}}