{"id":18,"date":"2016-12-10T19:00:13","date_gmt":"2016-12-10T18:00:13","guid":{"rendered":"http:\/\/www.monikahuemer.at\/?page_id=18"},"modified":"2020-08-11T10:55:04","modified_gmt":"2020-08-11T08:55:04","slug":"impressum","status":"publish","type":"page","link":"https:\/\/www.monikahuemer.at\/?page_id=18","title":{"rendered":"Impressum"},"content":{"rendered":"<p>F\u00fcr den Inhalt dieser Website verantwortliche Person:<\/p>\n<p><strong>Monika Huemer<\/strong><br \/>\n1120 Wien<br \/>\nTelefon: +43 (0) 650 \/ 38 12\u00a0448<br \/>\nE-Mail: <a href=\"&#x6d;&#97;&#105;l&#x74;&#x6f;&#58;m&#x6f;&#x6e;&#105;ka&#x68;&#117;&#101;m&#x65;&#x72;&#55;3&#x40;&#x67;&#109;&#97;i&#x6c;&#x2e;&#99;o&#x6d;\">mon&#105;&#107;&#97;&#x68;&#x75;&#x65;&#x6d;&#x65;&#x72;73&#64;&#103;&#109;&#97;&#105;&#x6c;&#x2e;&#x63;&#x6f;&#x6d;<\/a><br \/>\nInternet: <a href=\"https:\/\/www.monikahuemer.at\">www.monikahuemer.at<\/a><\/p>\n<p>Fotocredits:<br \/>\nStep into a homeless city: Reinhard Winkler (<a href=\"http:\/\/www.reinhardwinkler.at\" target=\"_blank\" rel=\"noopener noreferrer\">www.reinhardwinkler.at<\/a>)<br \/>\nAnonym und In between: Otto P\u00f6lzl<br \/>\nweitere Performances: Rainer Kocher<\/p>\n<p>Haftungshinweis: Trotz sorgf\u00e4ltiger inhaltlicher Kontrolle \u00fcbernehmen wir keine Haftung f\u00fcr die Inhalte externer Links. F\u00fcr den Inhalt der verlinkten Seiten sind ausschlie\u00dflich deren Betreiber verantwortlich.<\/p>\n<p>Bei Fragen zum Inhalt dieser Website und weiteren Informationen wenden Sie sich bitte gerne per E-Mail an die in diesem Impressum genannten Personen.<\/p>\n<p>Bei Fragen zur Gestaltung dieser Website k\u00f6nnen Sie ein E-Mail an den Webmaster richten (<a href=\"&#109;&#x61;&#105;&#x6c;&#116;&#x6f;:&#x77;e&#x62;m&#97;&#x73;&#116;&#x65;&#114;&#x40;&#109;&#x6f;n&#x69;k&#x61;h&#117;&#x65;&#109;&#x65;&#114;&#x2e;&#97;&#x74;\">&#x77;e&#x62;&#109;&#x61;&#115;&#x74;&#x65;r&#x40;&#109;&#x6f;&#110;&#x69;&#107;a&#x68;&#117;&#x65;&#109;&#x65;&#114;&#46;&#x61;&#116;<\/a>)<\/p>\n","protected":false},"excerpt":{"rendered":"<p>F\u00fcr den Inhalt dieser Website verantwortliche Person: Monika Huemer 1120 Wien Telefon: +43 (0) 650 \/ 38 12\u00a0448 E-Mail: &#x6d;&#x6f;&#110;&#105;ka&#x68;&#x75;&#x65;&#109;er&#x37;&#x33;&#x40;&#103;&#109;a&#x69;&#x6c;&#x2e;&#99;&#111;m Internet: www.monikahuemer.at Fotocredits: Step into a homeless city: Reinhard Winkler (www.reinhardwinkler.at) Anonym und In between: Otto P\u00f6lzl weitere Performances: Rainer Kocher Haftungshinweis: Trotz sorgf\u00e4ltiger inhaltlicher Kontrolle \u00fcbernehmen wir keine Haftung f\u00fcr die Inhalte externer Links. [&hellip;]<\/p>\n","protected":false},"author":1,"featured_media":0,"parent":0,"menu_order":0,"comment_status":"closed","ping_status":"closed","template":"template-full.php","meta":{"footnotes":""},"class_list":["post-18","page","type-page","status-publish","hentry"],"_links":{"self":[{"href":"https:\/\/www.monikahuemer.at\/index.php?rest_route=\/wp\/v2\/pages\/18","targetHints":{"allow":["GET"]}}],"collection":[{"href":"https:\/\/www.monikahuemer.at\/index.php?rest_route=\/wp\/v2\/pages"}],"about":[{"href":"https:\/\/www.monikahuemer.at\/index.php?rest_route=\/wp\/v2\/types\/page"}],"author":[{"embeddable":true,"href":"https:\/\/www.monikahuemer.at\/index.php?rest_route=\/wp\/v2\/users\/1"}],"replies":[{"embeddable":true,"href":"https:\/\/www.monikahuemer.at\/index.php?rest_route=%2Fwp%2Fv2%2Fcomments&post=18"}],"version-history":[{"count":10,"href":"https:\/\/www.monikahuemer.at\/index.php?rest_route=\/wp\/v2\/pages\/18\/revisions"}],"predecessor-version":[{"id":763,"href":"https:\/\/www.monikahuemer.at\/index.php?rest_route=\/wp\/v2\/pages\/18\/revisions\/763"}],"wp:attachment":[{"href":"https:\/\/www.monikahuemer.at\/index.php?rest_route=%2Fwp%2Fv2%2Fmedia&parent=18"}],"curies":[{"name":"wp","href":"https:\/\/api.w.org\/{rel}","templated":true}]}}